t/501)) a multiple of 56?
True
Let l = 468 + -12. Does 57 divide l?
True
Does 12 divide (-16)/48 + 14169/9?
False
Is (424/5)/(-8*(-6)/120) a multiple of 5?
False
Let t(c) = c**2 + 7*c + 8. Let l be t(-6). Suppose -5*r + 4*x = 3*x - 627, -l*x + 371 = 3*r. Does 25 divide r?
True
Let d(f) be the third derivative of -f**6/360 - f**5/15 + f**4/3 + f**3 + f**2. Let r(j) be the first derivative of d(j). Is 4 a factor of r(-8)?
True
Let h(o) = -7*o - 2 + 4*o - 13*o. Does 31 divide h(-4)?
True
Let z(v) = -4*v - 1. Let j be (45 + 0)/(-5) + 3. Is 4 a factor of z(j)?
False
Let p(s) = 4 + 7*s + 9 - 23. Does 14 divide p(10)?
False
Suppose -2*q + g + 717 = 0, 76*q - 73*q = 3*g + 1071. Does 15 divide q?
True
Let h = 1 + 4. Suppose -h*n = -313 - 347. Is n a multiple of 23?
False
Suppose 3*z = k - 1086, 58*z - 61*z = 5*k - 5394. Does 15 divide k?
True
Let b(i) = -i + 16. Let r be b(12). Suppose r*w - 782 = -30. Suppose 4*v = -3*c + 196, -4*v + w = 2*c - c. Does 8 divide v?
False
Suppose -66 - 19 = -a. Suppose -2*n = 4*i - 40, -2*n - 5*i = 3*n - a. Does 7 divide n?
True
Let f = -159 + 454. Is f a multiple of 5?
True
Suppose -s + 11 = -9. Does 43 divide (-6)/(s/15 - (-706)/(-516))?
True
Suppose -3*f + o = 1, o - 1 = 2*f - 7*f. Let z(g) = 2 - 24*g + 0 + f. Is z(-2) a multiple of 10?
True
Suppose 0 = -10*j + 5*j + 50. Let p = 4 - j. Let x(m) = -7*m - 8. Does 24 divide x(p)?
False
Suppose 5*g - 18 - 5 = -2*q, -2*q + 13 = 3*g. Suppose -b + 30 = g*u, -3*b - 20 = -3*u - 4*b. Suppose -u*m - i = 3*i - 40, 0 = -2*i + 10. Does 4 divide m?
True
Suppose 8*h - 12*h + 4 = 0. Let p be 56/12 - h/(-3). Suppose -165 + 5 = -p*f. Is 16 a factor of f?
True
Suppose b - 5*b + 5*o + 45 = 0, o + 30 = 5*b. Suppose -x + 10 = -b*j, x = -0*j - 2*j + 3. Suppose 161 = x*g - 19. Does 12 divide g?
True
Let a = -1051 - -2087. Does 14 divide a?
True
Let o(y) = 8*y**2 - 316*y + 55. Is o(45) a multiple of 37?
True
Suppose 3*k = -k. Suppose -2*i + 4*p - 4 = k, -2*i - 3*p = 5 - 29. Is i a multiple of 3?
True
Suppose -3*t + 2*w = -6*t + 2632, -3471 = -4*t + 5*w. Does 38 divide t?
True
Suppose 2*t = -3*v + t, -4*t = -4*v. Suppose v = 2*n - 70 - 372. Does 33 divide n?
False
Let z(i) = i**3 - 8*i**2 - 16*i + 14. Let v be z(10). Let b = 102 - v. Does 8 divide b?
True
Let o(l) = -2*l + 19. Let n be o(-10). Let q = n - -9. Is 24 a factor of q?
True
Let o be 8/(-44) + 57/11. Suppose o*g = 214 - 34. Suppose -4*y - g = -u - y, -3*y = -4*u + 171. Is u a multiple of 9?
True
Suppose 0 = 4*j + 4*l - 32, -j = -2*j + 4*l + 18. Suppose 2*y - 4 - j = 0. Let i(h) = 3*h**2 - 11*h + 10. Is 24 a factor of i(y)?
False
Is (6/18)/(1*(-2)/(-594)) a multiple of 34?
False
Suppose -4*g + 401 = -k, -2*g + 0*g - 4*k = -196. Suppose 6*m - g = m. Does 10 divide m?
True
Suppose -8*l + 16 = -7*l. Let m = l + -1. Does 9 divide m?
False
Suppose -2*i + l + 247 = 6, 3*i + 2*l - 351 = 0. Is i a multiple of 8?
False
Suppose -2*y - 2*g = -82 - 178, -y = 2*g - 131. Does 3 divide y?
True
Let t(o) = -6*o**3 - 2*o**2 - 17*o - 1. Is t(-4) a multiple of 31?
False
Let b(p) = p**2 - 2*p + 6. Let q be b(6). Let s = -20 + q. Is s a multiple of 3?
False
Let f be (3 + -2)*(-4 + -1). Is 16/40 - 218/f a multiple of 11?
True
Let z = 200 - 94. Is z a multiple of 3?
False
Suppose -5*f + 22 + 3 = 0. Suppose -7*d + 1 = -n - 3*d, 0 = 4*n - 4*d - 8. Suppose f*z - 3*a = -7*a + 174, n*z = -a + 110. Is z a multiple of 7?
False
Let z(k) = k**3 + 20*k**2 + 22*k + 11. Is z(-16) a multiple of 28?
False
Let b(o) = -5*o + 157. Let l be b(32). Let t = -250 + 143. Let j = l - t. Is 26 a factor of j?
True
Let i(s) = -66*s**3 + 2*s**2 + 13*s + 4. Does 99 divide i(-3)?
False
Suppose -3*d - d = -32. Suppose 0 = 2*h - 2 - d. Suppose 81 = 3*c + 5*x - 26, 0 = -3*c + h*x + 97. Is c a multiple of 15?
False
Suppose 3 + 2 = w. Suppose w + 91 = 2*b. Is b a multiple of 8?
True
Suppose 2*v - o - 5 = 2, 4*v + o - 23 = 0. Let p be (-1 + 6)*(-12)/(-15). Suppose p*t - 11 = v. Is 4 a factor of t?
True
Let p = 1041 + -693. Is 12 a factor of p?
True
Suppose 2*n - 20 = -20. Suppose 8*v - 4*v - 364 = n. Is v a multiple of 7?
True
Let m(c) = c**3 + 11*c**2 - 5*c - 7. Is m(-6) a multiple of 16?
False
Let m(v) = -v**2 - 5*v + 14. Let q(z) = -2*z + 10. Let w be q(8). Let f be m(w). Let k = f + 12. Does 20 divide k?
True
Suppose -69*c + 53*c = -4416. Is c a multiple of 12?
True
Let d(f) be the second derivative of 11*f**5/20 - f**4/12 + f**3/2 - f**2 - 7*f. Does 11 divide d(2)?
True
Suppose -7*s + 8 = -3*s. Suppose 3*d + 1 = -5*o + 61, s*d + 3*o = 41. Let y = d + 44. Is 20 a factor of y?
False
Let g(a) = 18*a**2. Suppose 0 = 4*n - 2*h, 0 = 2*n + 3*n + 5*h - 30. Is 18 a factor of g(n)?
True
Suppose 0 = -2*m + 377 + 153. Is 21 a factor of m?
False
Let o(d) = -d**3 - d**2 + d - 1. Let z be o(1). Let w be (-1)/((-2)/(-20)*z). Suppose 5*j = 15, -q + 50 = -0*j + w*j. Is q a multiple of 13?
False
Let m = 71 - -3. Let h(w) = 4*w**2 + 15*w. Let d be h(2). Let g = m - d. Is 8 a factor of g?
False
Suppose -r + 4 = 0, 0 = -x + 5*r - 11 - 5. Suppose -x = -2*k + 18. Is k a multiple of 9?
False
Suppose -5*k + 9*k = 0. Suppose 9*f - f - 104 = k. Does 4 divide f?
False
Let x(c) = 7*c**2 + 8*c + 10. Let l(p) = 4*p**2 + 4*p + 5. Let r(z) = -5*l(z) + 3*x(z). Suppose 2*s + 0*b - 6 = -4*b, 5*s + 55 = 4*b. Is 13 a factor of r(s)?
True
Let r = -16 + 67. Let o(p) = -p**3 + 6*p**2 + 4*p + 10. Let h be o(6). Let d = r - h. Is 7 a factor of d?
False
Suppose 7*i - 19*i = -12. Is 183/i + 5/((-5)/3) a multiple of 20?
True
Does 12 divide -2 + (-7672)/(-18) - (-26)/(-117)?
False
Does 2 divide (-763)/(-9) - (-10)/45?
False
Let x(h) = -h**2 - 1 - 3 + 8*h + 3 - 3. Let n be x(7). Suppose m - 2*t = 12, -n*m - m - 3*t + 37 = 0. Is m a multiple of 7?
False
Let b = 1578 + -1599. Suppose 0 = k - 4*k + 351. Let r = b + k. Is r a multiple of 17?
False
Let j(u) = u**2 - 12. Let w be j(-6). Let i = -21 + w. Is i a multiple of 2?
False
Let d(q) be the third derivative of q**5/60 + 7*q**4/24 - 13*q**3/6 + 4*q**2. Let b be d(-10). Let r = 27 - b. Does 2 divide r?
True
Suppose 0 = 19*q + 46*q - 174720. Is q a multiple of 64?
True
Let f(g) = -g + 11. Let l be f(8). Suppose 0 = -3*o + l*z + 6, -o + z = -6*o + 10. Suppose -o*a - 3*a = -150. Is 30 a factor of a?
True
Let c(x) = -8*x**2 + 13*x + 3. Let p(t) = 23*t**2 - 38*t - 9. Let j(b) = 17*c(b) + 6*p(b). Let r be 6/(-5)*(-15)/3. Does 9 divide j(r)?
True
Let i = 32 + -22. Is ((-594)/15)/(i/(-25)) a multiple of 17?
False
Let f = -7 - -11. Suppose 528 = -0*u + f*u. Suppose n = -4*j + 176, 3*n - u = -5*j + 2*j. Does 22 divide j?
True
Suppose 6*c - 1651 = 197. Does 11 divide c?
True
Let x = -18 - -21. Let b(h) = -h**3 - h**2 + 1. Let i(y) = -8*y**2 + 4*y. Let m(t) = -3*b(t) + i(t). Is m(x) a multiple of 15?
True
Let t be (-2 + -18)*82/(-8). Suppose 0*m = -5*m + t. Let k = -14 + m. Does 9 divide k?
True
Let d(s) be the first derivative of -s**4/12 + s**3/3 + 46*s**2 + 9*s + 5. Let w(x) be the first derivative of d(x). Is w(0) a multiple of 23?
True
Let j = -2 + 2. Let i = j + 5. Is 27 a factor of ((-98)/i)/((-6)/15)?
False
Let f(n) = 5*n - 7. Let z be f(-4). Let v = 14 + z. Is 30 a factor of 3 + (-13)/(v/84)?
False
Suppose -390 = 4*c - 6*c. Let p = -113 + c. Is 20 a factor of p?
False
Let s = 28 - 18. Let j = s - 11. Does 2 divide 3 - (-6 - -2 - j)?
True
Suppose -3 = -4*i + 5, -2*x - i = -40. Let d be 230/(-4)*4/(-5). Let b = d - x. Does 16 divide b?
False
Suppose 2*f - 594 = -7*f. Does 8 divide f?
False
Let a(o) = 6*o + 6. Let g be a(-7). Is (-6)/g + 411/18 a multiple of 9?
False
Is (2170 - -2) + (-6 + 10 - 6) a multiple of 64?
False
Let t(v) = 59*v + 26. Does 7 divide t(4)?
False
Let f(n) = 12*n**2 - 6*n - 6. Does 54 divide f(7)?
True
Let a(q) = -q**2 + 9*q - 3. Let v be a(8). Suppose -6*b - 3*t = -3*b - 552, v*t = 4*b - 781. Does 27 divide b?
True
Let a be 3/(-4) + (-368)/(-64). Suppose 0 = -4*f + a*f - 10. Is 12 a factor of f/(-15) + (-364)/(-6)?
True
Is 64 a factor of (-31 + 8 + -9)/((-2)/16)?
True
Suppose 0 = -87*t + 254808 - 59580. Does 12 divide t?
True
Let h(j) = 21*j + 5. Let m be h(2). Let d = m + -35. Does 3 divide d?
True
Let v(r) be the second derivative of 0 - 9*r + 0*r**2 - 4/3*r**3. Does 7 divide v(-4)?
False
Let l(x) = 47. Let v(f) = -f + 47. Let d(n) = -2*l(n) + 3*v(n). Is 10 a factor